9
16874271
3565215 (base 7) to base 10
453213
What is -235123 (base 12) in base 11?
-359295
What is 13101313333 (base 4) in base 15?
27a5ed
What is 211010112111 (base 3) in base 7?
3462661
2035de (base 16) to base 9
3866601
What is -832124 (base 13) in base 15?
-406cb5
Convert 20702 (base 12) to base 13.
1644b
Convert 12044 (base 8) to base 10.
5156
What is -11100111001111100 (base 2) in base 12?
-58624
24022222 (base 6) to base 11
472210
510332 (base 6) to base 5
2242204
Convert -21422 (base 14) to base 13.
-2a78b
eb9db8 (base 16) to base 2
111010111001110110111000
Convert 11224442200 (base 5) to base 16.
c24e62
What is 14540403 (base 6) in base 16?
7cb33
Convert -300011210 (base 4) to base 16.
-30164
13c70a6 (base 13) to base 5
3103031220
Convert -78403 (base 14) to base 3.
-112211001220
What is 10001111000011000110001 (base 2) in base 7?
54561626
What is -29096 (base 14) in base 4?
-120310130
What is 73aa2 (base 11) in base 6?
2151030
-234301224 (base 6) to base 16
-4347d0
What is -7a3761 (base 13) in base 5?
-1220030024
Convert -1117327 (base 11) to base 12.
-7a4602
-14011 (base 15) to base 10
-64141
Convert -4011551 (base 6) to base 5.
-22011342
What is 2110683 (base 9) in base 16?
113a5d
-5251502 (base 6) to base 10
-255710
Convert 102113424 (base 5) to base 16.
68082
100000101001110111100 (base 2) to base 12
437278
-3cc756 (base 13) to base 16
-16a5c5
Convert -8156 (base 16) to base 14.
-c0d0
Convert -11915b1 (base 13) to base 10.
-5458337
-76478 (base 12) to base 15
-31428
What is 16178a (base 11) in base 8?
752445
Convert -53302162 (base 7) to base 13.
-c24277
Convert -111000111110100011001 (base 2) to base 11.
-1065803
-18aa39 (base 13) to base 6
-21210305
Convert -1682207 (base 10) to base 7.
-20204252
4b6c91 (base 15) to base 6
205311301
Convert 5859c (base 14) to base 2.
110100100001101110
Convert -4c552 (base 14) to base 13.
-67542
What is 4301222 (base 5) in base 16?
1197e
Convert -41041202 (base 6) to base 3.
-2012112111202
What is -137a19a (base 12) in base 8?
-16667606
-76074a (base 12) to base 11
-1065a31
1121001423 (base 5) to base 8
11461627
1879ab (base 13) to base 8
2264566
What is a2614 (base 11) in base 8?
444465
Convert 4ca52 (base 13) to base 16.
22c1d
Convert 6d4781 (base 16) to base 6.
413300053
-d320e (base 16) to base 13
-243809
What is -2022120102121 (base 3) in base 9?
-2276377
What is -2123132 (base 6) in base 15?
-20dde
What is -1a029 (base 13) in base 2?
-1100010110000110
Convert -3312413434 (base 5) to base 7.
-114544566
Convert 13c681 (base 14) to base 4.
2213302321
What is -a409b (base 12) in base 5?
-23330031
Convert -2634171 (base 9) to base 14.
-296a76
Convert 2222202202 (base 3) to base 15.
126a5
462245 (base 12) to base 5
241423131
-6b7b9c (base 15) to base 3
-100200002220010
Convert 100011100111101001110 (base 2) to base 8.
4347516
-360231 (base 10) to base 5
-43011411
Convert -2200000202220 (base 3) to base 14.
-28c952
What is 261b9 (base 16) in base 13?
5607b
Convert -21022102120100 (base 3) to base 4.
-32310232200
-15451236 (base 7) to base 3
-2210202221100
What is 15480 (base 13) in base 12?
1b406
What is 303331331 (base 4) in base 9?
353882
What is 6a020 (base 12) in base 3?
21012101220
What is 2020022100111 (base 3) in base 15?
186acd
2153010 (base 6) to base 15
220ec
515015002 (base 6) to base 7
135523250
4033100 (base 7) to base 5
110311002
4667b4 (base 13) to base 4
12113332022
4b12c1 (base 13) to base 6
102342431
-1344422231 (base 5) to base 9
-6545347
764c9 (base 13) to base 4
310032332
-124030404 (base 6) to base 3
-11120110112111
200251 (base 9) to base 12
5856a
Convert -20210101122222 (base 3) to base 13.
-995072
4b703 (base 15) to base 6
5100403
Convert 18057 (base 11) to base 16.
6307
10100011001101110 (base 2) to base 13
2c062
What is -111110111010111 (base 2) in base 11?
-22227
-3013a (base 12) to base 7
-346630
Convert 11101111110000000000 (base 2) to base 15.
145e7b
What is 3666 (base 11) in base 6?
34103
1010133002 (base 4) to base 8
1043702
1817442 (base 12) to base 7
60404462
Convert -331132 (base 5) to base 9.
-16585
-325413031 (base 6) to base 12
-1b6a177
What is -ab56d2 (base 14) in base 15?
-79d366
222201122222201 (base 3) to base 8
66137215
-18bed7 (base 16) to base 12
-6625b3
What is -1152320025 (base 6) in base 13?
-299ab84
-383104 (base 12) to base 13
-261937
What is 11140234 (base 5) in base 16?
18474
-411372 (base 13) to base 2
-101110010001111110010
What is 297a80 (base 12) in base 14?
1424b6
What is -9a587 (base 12) in base 13?
-72253
What is -1213233 (base 6) in base 14?
-195ad
Convert -b6ba0 (base 15) to base 16.
-8d8a6
-1180478 (base 10) to base 12
-48b192
Convert -458b25 (base 13) to base 11.
-a25826
What is -332545 (base 7) in base 2?
-1110010011011100
-1592c (base 16) to base 10
-88364
-1965025 (base 10) to base 5
-1000340100
Convert -175a24 (base 13) to base 3.
-1002122222212
Convert 102402120 (base 5) to base 16.
6a1e4
What is 8aaa (base 11) in base 10?
11978
What is -3211012101 (base 4) in base 10?
-938385
1332405 (base 6) to base 7
430031
Convert 12432202 (base 5) to base 10.
124052
-3411141322 (base 5) to base 7
-120634314
170d8 (base 14) to base 12
2955a
What is 501033530 (base 6) in base 7?
131551011
7a37 (base 14) to base 8
51341
What is -25d0 (base 16) in base 9?
-14245
Convert 2218173 (base 9) to base 14.
230d56
129828 (base 16) to base 11
762609
What is 132db4 (base 15) in base 9?
1653447
What is -10000110011101110001 (base 2) in base 9?
-1028455
-322726 (base 9) to base 15
-3beb3
What is 674414 (base 13) in base 11?
1415096
Convert -240416 (base 8) to base 14.
-21d4a
-a765a (base 14) to base 5
-100421444
Convert -111220210220110 (base 3) to base 8.
-34157346
Convert -25b14a7 (base 12) to base 9.
-15008801
What is 84383 (base 12) in base 11?
109254
What is -168702 (base 10) in base 3?
-22120102020
Convert 3b0025 (base 12) to base 16.
edf1d
Convert 229a27 (base 11) to base 16.
5903a
What is -a080b6 (base 13) in base 15?
-4da5a5
Convert -2042201 (base 5) to base 14.
-c5a3
What is 8726364 (base 11) in base 14?
20736b0
21425504 (base 8) to base 13
c50182
Convert 141143011 (base 5) to base 14.
14c1a4
11110121120 (base 3) to base 2
10101011101110111
What is -6c25 (base 13) in base 4?
-3232021
Convert 1603364 (base 10) to base 13.
441a49
317432 (base 10) to base 5
40124212
What is -6a07a (base 11) in base 5?
-11214433
Convert 13348b (base 13) to base 10.
464358
Convert 7aa89 (base 11) to base 13.
413c0
236884a (base 11) to base 3
21202121112002
Convert 101343243 (base 5) to base 2.
1100110001100001101
-382413 (base 13) to base 10
-1347453
Convert 61414 (base 8) to base 10.
25356
Convert -18578388 (base 9) to base 15.
-c54bee
What is 57804 (base 11) in base 5?
10132434
597217 (base 10) to base 14
117905
Convert -2225160 (base 10) to base 16.
-21f408
Convert -114364 (base 9) to base 3.
-10111102011
-321232133 (base 5) to base 3
-2112200211022
471142 (base 8) to base 13
57cac
What is -216134 (base 7) in base 2?
-1001010100000011
-2103775 (base 14) to base 13
-330579c
-291c14 (base 14) to base 5
-331122011
-135279 (base 12) to base 2
-1001110001000111101
-220300414 (base 6) to base 14
-748b34
Convert 1512519 (base 11) to base 4.
21321132320
-110211102022102 (base 3) to base 13
-154976c
Convert 17072 (base 8) to base 2.
1111000111010
What is -12020011000120 (base 3) in base 14?
-524694
What is -150357 (base 8) in base 15?
-10cac
-c7b7a (base 14) to base 2
-1110101110010100000
What is -39528 (base 10) in base 13?
-14cb8
Convert 100111100011110001101 (base 2) to base 8.
4743615
What is -a36b5 (base 16) in base 12?
-283445
What is -13142136 (base 7) in base 6?
-41444303
-199a50 (base 11) to base 5
-34243224
Convert -1091410 (base 11) to base 2.
-111010001001000000100
-12333130 (base 5) to base 14
-3217a
Convert 587b (base 16) to base 6.
252511
Convert -10202012444 (base 5) to base 16.
-a16cb4
-3538f (base 16) to base 9
-362031
What is -110000110001100 (base 2) in base 11?
-17842
-4644265 (base 7) to base 8
-2161637
What is 10121121022011 (base 3) in base 12?
787927
-1164636 (base 7) to base 4
-210300123
581417 (base 15) to base 5
2034044142
1316240 (base 7) to base 14
46cc7
What is -1100111000000110000000 (base 2) in base 7?
-40456034
What is 264520 (base 8)